{"id":2,"date":"2016-05-10T03:48:21","date_gmt":"2016-05-10T03:48:21","guid":{"rendered":"http:\/\/osteo-bernau.de\/?page_id=2"},"modified":"2019-07-31T11:08:42","modified_gmt":"2019-07-31T11:08:42","slug":"sample-page","status":"publish","type":"page","link":"https:\/\/osteo-bernau.de\/","title":{"rendered":"Was ist Osteopathie?"},"content":{"rendered":"<blockquote>\n<h3 class=\"p1\" style=\"text-align: left;\"><span style=\"color: #999999;\"><strong>Gesundheit zu finden sollte das Ziel sein,<br><\/strong><\/span><span style=\"color: #999999;\"><strong>Krankheiten kann jeder finden<br><\/strong><\/span><span style=\"color: #000000;\"><strong><span style=\"font-size: inherit;\">\u2013 Dr. Andrew Taylor Still (1828\u20131917), Begr\u00fcnder der Osteopathie<\/span><\/strong><\/span><\/h3>\n<\/blockquote>\n<p class=\"p1\">Ausgehend von ihren Urspr\u00fcngen im 19. Jahrhundert in den USA hat sich die Osteopathie bis heute stetig weiterentwickelt. Stand f\u00fcr den Begr\u00fcnder der Osteopathie, <em><strong>Dr. Andrew Taylor Still<\/strong><\/em>, zun\u00e4chst noch das kn\u00f6cherne Skelett im Mittelpunkt seiner Fragen zu k\u00f6rperlich pathologischen Umst\u00e4nden, so fanden in vertiefenden anatomischen Studien schon bald weitere K\u00f6rpersysteme und ihre Zusammenh\u00e4nge gro\u00dfe Beachtung. Er und seine Nachfolger erkannten, dass das Ausma\u00df der freien Beweglichkeit im Verbindungsgewebe zwischen Muskelh\u00e4uten, Organen, B\u00e4ndern etc. dar\u00fcber mitentscheidet, ob sich eine Dysfunkionen im osteopathischen Sinne einstellt oder nicht.<\/p>\n\n\n<figure class=\"wp-block-image\"><img loading=\"lazy\" decoding=\"async\" width=\"1024\" height=\"684\" src=\"https:\/\/osteo-bernau.de\/wp-content\/uploads\/2019\/07\/cervical-spine_skull_shutterstock-1024x684.jpg\" alt=\"\" class=\"wp-image-149\" srcset=\"https:\/\/osteo-bernau.de\/wp-content\/uploads\/2019\/07\/cervical-spine_skull_shutterstock-1024x684.jpg 1024w, https:\/\/osteo-bernau.de\/wp-content\/uploads\/2019\/07\/cervical-spine_skull_shutterstock-300x200.jpg 300w, https:\/\/osteo-bernau.de\/wp-content\/uploads\/2019\/07\/cervical-spine_skull_shutterstock-768x513.jpg 768w\" sizes=\"auto, (max-width: 1024px) 100vw, 1024px\" \/><\/figure>\n\n\n\n<p>Die Osteopathie will den Menschen in seiner Gesamtheit und Komplexit\u00e4t m\u00f6glichst genau erfassen. Es werden Auff\u00e4lligkeiten in drei Systemen des K\u00f6rpers analysiert und behandelt:<\/p>\n\n\n\n<ul class=\"wp-block-list\"><li><strong>Das parietale System<\/strong> (Bewegungs-und St\u00fctzapparat: Knochen, Muskeln, Sehnen, B\u00e4nder, Faszien)<\/li><li><strong>Das viscerale System<\/strong> (innere Organe, Blutgef\u00e4\u00dfe, Lymphbahnen und das umliegende Bindegewebe)<\/li><li><strong>Das kraniosakrale System<\/strong> (Hirn-, R\u00fcckenmarksh\u00e4ute und nervale Strukturen, innerhalb derer sich feine Bewegungen zwischen Sch\u00e4delknochen, Wirbels\u00e4ule und Kreuzbein ausdr\u00fccken)<\/li><\/ul>\n\n\n\n<p>Aus osteopathischer Sicht greifen alle drei Systeme wie Zahnr\u00e4der ineinander und dr\u00fccken sich als eigenes, sich immer wieder neu regulierendes Gleichgewicht aus. Beispielsweise k\u00f6nnen Mobilit\u00e4tseinschr\u00e4nkungen und lokale Schmerzen einen entfernteren k\u00f6rperlichen Ursprung haben, der gezielt durch die Osteopathie erkannt und behandelt werden kann.&nbsp;<\/p>\n\n\n\n<p>Bereits A.T. Still verwies immer wieder auf die Struktur, die die Funktion beeinflusst. So ist zu erkl\u00e4ren, dass die Arbeit mit und am Gewebe den Schwerpunkt osteopathischen Tuns ausmacht.<\/p>\n\n\n\n<h4><font color=\"ffffff\">Osteopathie Bernau, Osteopethie Isler Bernau, Osteo Bernau<\/font color=\"ffffff\"><\/h4>\n<h3><font color=\"ffffff\">Osteopathie Bernau, Osteopethie Isler Bernau, Osteo Bernau<\/font color=\"ffffff\"><\/h3>\n<h2><font color=\"ffffff\">Osteopathie Bernau, Osteopethie Isler Bernau, Osteo Bernau<\/font color=\"ffffff\"><\/h2>\n<h1><font color=\"ffffff\">Osteopathie Bernau, Osteopethie Isler Bernau, Osteo Bernau<\/font color=\"ffffff\"><\/h1>\n<p><font color=\"ffffff\">Osteopathie Bernau, Osteopethie Isler Bernau, Osteo Bernau<\/font color=\"ffffff\"><\/p>\n\n\n\n<p><\/p>\n","protected":false},"excerpt":{"rendered":"<p>Gesundheit zu finden sollte das Ziel sein,Krankheiten kann jeder finden\u2013 Dr. Andrew Taylor Still (1828\u20131917), Begr\u00fcnder der Osteopathie Ausgehend von ihren Urspr\u00fcngen im 19. Jahrhundert in den USA hat sich die Osteopathie bis heute stetig weiterentwickelt. Stand f\u00fcr den Begr\u00fcnder der Osteopathie, Dr. Andrew Taylor Still, zun\u00e4chst noch das kn\u00f6cherne Skelett im Mittelpunkt seiner Fragen &hellip; <a href=\"https:\/\/osteo-bernau.de\/\" class=\"more-link\"><span class=\"screen-reader-text\">Was ist Osteopathie?<\/span> weiterlesen<\/a><\/p>\n","protected":false},"author":1,"featured_media":0,"parent":0,"menu_order":0,"comment_status":"closed","ping_status":"open","template":"","meta":{"footnotes":""},"class_list":["post-2","page","type-page","status-publish","hentry"],"_links":{"self":[{"href":"https:\/\/osteo-bernau.de\/index.php?rest_route=\/wp\/v2\/pages\/2","targetHints":{"allow":["GET"]}}],"collection":[{"href":"https:\/\/osteo-bernau.de\/index.php?rest_route=\/wp\/v2\/pages"}],"about":[{"href":"https:\/\/osteo-bernau.de\/index.php?rest_route=\/wp\/v2\/types\/page"}],"author":[{"embeddable":true,"href":"https:\/\/osteo-bernau.de\/index.php?rest_route=\/wp\/v2\/users\/1"}],"replies":[{"embeddable":true,"href":"https:\/\/osteo-bernau.de\/index.php?rest_route=%2Fwp%2Fv2%2Fcomments&post=2"}],"version-history":[{"count":32,"href":"https:\/\/osteo-bernau.de\/index.php?rest_route=\/wp\/v2\/pages\/2\/revisions"}],"predecessor-version":[{"id":207,"href":"https:\/\/osteo-bernau.de\/index.php?rest_route=\/wp\/v2\/pages\/2\/revisions\/207"}],"wp:attachment":[{"href":"https:\/\/osteo-bernau.de\/index.php?rest_route=%2Fwp%2Fv2%2Fmedia&parent=2"}],"curies":[{"name":"wp","href":"https:\/\/api.w.org\/{rel}","templated":true}]}}